actors of 2269?
2269
List the prime factors of 10198.
2, 5099
What are the prime factors of 114742?
2, 103, 557
What are the prime factors of 59999?
59999
What are the prime factors of 6826?
2, 3413
What are the prime factors of 60722?
2, 97, 313
What are the prime factors of 29356?
2, 41, 179
List the prime factors of 47.
47
What are the prime factors of 11678?
2, 5839
List the prime factors of 17192.
2, 7, 307
What are the prime factors of 2889?
3, 107
List the prime factors of 4019.
4019
List the prime factors of 3782.
2, 31, 61
List the prime factors of 237.
3, 79
What are the prime factors of 20255?
5, 4051
List the prime factors of 6952.
2, 11, 79
List the prime factors of 15.
3, 5
List the prime factors of 27772.
2, 53, 131
What are the prime factors of 28515?
3, 5, 1901
What are the prime factors of 11683?
7, 1669
List the prime factors of 1674.
2, 3, 31
List the prime factors of 69099.
3, 31, 743
What are the prime factors of 10610?
2, 5, 1061
List the prime factors of 21183.
3, 23, 307
What are the prime factors of 25887?
3, 8629
List the prime factors of 1239.
3, 7, 59
What are the prime factors of 683?
683
List the prime factors of 1810.
2, 5, 181
What are the prime factors of 2744?
2, 7
List the prime factors of 24.
2, 3
What are the prime factors of 2936?
2, 367
List the prime factors of 49891.
49891
List the prime factors of 1043.
7, 149
What are the prime factors of 107?
107
List the prime factors of 2029.
2029
List the prime factors of 4870.
2, 5, 487
What are the prime factors of 2554?
2, 1277
What are the prime factors of 13?
13
List the prime factors of 2036.
2, 509
List the prime factors of 6106.
2, 43, 71
List the prime factors of 1712.
2, 107
List the prime factors of 61116.
2, 3, 11, 463
What are the prime factors of 5571?
3, 619
List the prime factors of 3074.
2, 29, 53
What are the prime factors of 1324?
2, 331
What are the prime factors of 566?
2, 283
What are the prime factors of 3829?
7, 547
What are the prime factors of 4162?
2, 2081
What are the prime factors of 14633?
14633
What are the prime factors of 943?
23, 41
What are the prime factors of 351?
3, 13
What are the prime factors of 6842?
2, 11, 311
List the prime factors of 59892.
2, 3, 7, 23, 31
What are the prime factors of 2587?
13, 199
What are the prime factors of 610?
2, 5, 61
What are the prime factors of 861?
3, 7, 41
List the prime factors of 836.
2, 11, 19
List the prime factors of 9373.
7, 13, 103
List the prime factors of 607.
607
List the prime factors of 300.
2, 3, 5
List the prime factors of 4671.
3, 173
What are the prime factors of 1300?
2, 5, 13
What are the prime factors of 112089?
3, 37363
What are the prime factors of 68?
2, 17
What are the prime factors of 297?
3, 11
List the prime factors of 17414.
2, 8707
List the prime factors of 1291.
1291
What are the prime factors of 30418?
2, 67, 227
List the prime factors of 2449.
31, 79
List the prime factors of 2394.
2, 3, 7, 19
List the prime factors of 230.
2, 5, 23
List the prime factors of 4495.
5, 29, 31
List the prime factors of 850.
2, 5, 17
What are the prime factors of 66110?
2, 5, 11, 601
List the prime factors of 8683.
19, 457
What are the prime factors of 7371?
3, 7, 13
What are the prime factors of 8766?
2, 3, 487
What are the prime factors of 3289?
11, 13, 23
What are the prime factors of 931?
7, 19
List the prime factors of 903.
3, 7, 43
List the prime factors of 31368.
2, 3, 1307
List the prime factors of 885.
3, 5, 59
List the prime factors of 2233.
7, 11, 29
What are the prime factors of 73777?
11, 19, 353
What are the prime factors of 2096?
2, 131
List the prime factors of 313.
313
List the prime factors of 16502.
2, 37, 223
List the prime factors of 2454.
2, 3, 409
List the prime factors of 24630.
2, 3, 5, 821
List the prime factors of 512.
2
List the prime factors of 62247.
3, 20749
What are the prime factors of 6901?
67, 103
List the prime factors of 12142.
2, 13, 467
List the prime factors of 7357.
7, 1051
List the prime factors of 2810.
2, 5, 281
What are the prime factors of 160963?
11, 14633
List the prime factors of 32571.
3, 7, 11, 47
List the prime factors of 1037.
17, 61
What are the prime factors of 87501?
3, 29167
List the prime factors of 15255.
3, 5, 113
List the prime factors of 531.
3, 59
What are the prime factors of 2662?
2, 11
What are the prime factors of 659?
659
List the prime factors of 43701.
3, 7, 2081
What are the prime factors of 476?
2, 7, 17
What are the prime factors of 4583?
4583
List the prime factors of 10017.
3, 7, 53
List the prime factors of 67.
67
What are the prime factors of 88976?
2, 67, 83
What are the prime factors of 1137?
3, 379
What are the prime factors of 2792?
2, 349
What are the prime factors of 8361?
3, 929
What are the prime factors of 7468?
2, 1867
What are the prime factors of 139?
139
List the prime factors of 4435.
5, 887
What are the prime factors of 8748?
2, 3
List the prime factors of 3217.
3217
What are the prime factors of 1357?
23, 59
List the prime factors of 2737.
7, 17, 23
What are the prime factors of 103255?
5, 107, 193
What are the prime factors of 27721?
19, 1459
What are the prime factors of 1259?
1259
List the prime factors of 2943.
3, 109
List the prime factors of 193.
193
What are the prime factors of 86809?
47, 1847
What are the prime factors of 16063?
16063
List the prime factors of 2011.
2011
What are the prime factors of 38509?
97, 397
List the prime factors of 3317.
31, 107
List the prime factors of 5875.
5, 47
List the prime factors of 12695.
5, 2539
List the prime factors of 8133.
3, 2711
What are the prime factors of 82772?
2, 20693
What are the prime factors of 2488?
2, 311
What are the prime factors of 1298?
2, 11, 59
List the prime factors of 40769.
59, 691
List the prime factors of 147469.
7, 21067
What are the prime factors of 17739?
3, 73
What are the prime factors of 208006?
2, 104003
List the prime factors of 1523.
1523
What are the prime factors of 9251?
11, 29
What are the prime factors of 142?
2, 71
List the prime factors of 1057.
7, 151
What are the prime factors of 61?
61
List the prime factors of 8619.
3, 13, 17
What are the prime factors of 5363?
31, 173
What are the prime factors of 13896?
2, 3, 193
What are the prime factors of 64954?
2, 47, 691
What are the prime factors of 26170?
2, 5, 2617
List the prime factors of 71808.
2, 3, 11, 17
What are the prime factors of 11009?
101, 109
What are the prime factors of 2732?
2, 683
What are the prime factors of 195?
3, 5, 13
What are the prime factors of 25043?
79, 317
What are the prime factors of 41650?
2, 5, 7, 17
List the prime factors of 5521.
5521
List the prime factors of 82190.
2, 5, 8219
What are the prime factors of 4639?
4639
What are the prime factors of 259?
7, 37
What are the prime factors of 3042?
2, 3, 13
What are the prime factors of 3250?
2, 5, 13
What are the prime factors of 11854?
2, 5927
List the prime factors of 72880.
2, 5, 911
What are the prime factors of 41257?
41257
List the prime factors of 51554.
2, 149, 173
List the prime factors of 1738.
2, 11, 79
What are the prime factors of 198?
2, 3, 11
List the prime factors of 1965.
3, 5, 131
List the prime factors of 952.
2, 7, 17
What are the prime factors of 281?
281
List the prime factors of 115977.
3, 67, 577
What are the prime factors of 2569?
7, 367
What are the prime factors of 447?
3, 149
What are the prime factors of 494?
2, 13, 19
What are the prime factors of 1486?
2, 743
List the prime factors of 6998.
2, 3499
List the prime factors of 2254.
2, 7, 23
List the prime factors of 44159.
44159
List the prime factors of 3227.
7, 461
List the prime factors of 3554.
2, 1777
What are the prime factors of 11397?
3, 29, 131
What are the prime factors of 4301?
11, 17, 23
What are the prime factors of 749?
7, 107
List the prime factors of 630.
2, 3, 5, 7
List the prime factors of 19241.
71, 271
List the prime factors of 148.
2, 37
What are the prime factors of 1512?
2, 3, 7
List the prime factors of 45145.
5, 9029
What are the prime factors of 460?
2, 5, 23
List the prime factors of 1125.
3, 5
List the prime factors of 26779.
61, 439
What are the prime factors of 92769?
3, 17, 107
List the prime factors of 8370.
2, 3, 5, 31
What are the prime factors of 599?
59